t is the hundreds digit of 3176?
1
What is the hundreds digit of 2763?
7
What is the units digit of 16023?
3
What is the units digit of 5457?
7
What is the tens digit of 403?
0
What is the ten thousands digit of 20850?
2
What is the units digit of 181?
1
What is the units digit of 398?
8
What is the tens digit of 2742?
4
What is the hundreds digit of 7400?
4
What is the hundreds digit of 67256?
2
What is the units digit of 1998?
8
What is the tens digit of 1060?
6
What is the units digit of 629?
9
What is the thousands digit of 22225?
2
What is the hundreds digit of 1102?
1
What is the hundreds digit of 522?
5
What is the tens digit of 22012?
1
What is the units digit of 805?
5
What is the hundreds digit of 1038?
0
What is the units digit of 44026?
6
What is the units digit of 719?
9
What is the hundreds digit of 607?
6
What is the units digit of 3162?
2
What is the hundreds digit of 13026?
0
What is the ten thousands digit of 49920?
4
What is the tens digit of 903?
0
What is the tens digit of 10200?
0
What is the units digit of 1116?
6
What is the units digit of 56104?
4
What is the thousands digit of 13796?
3
What is the thousands digit of 41807?
1
What is the units digit of 1579?
9
What is the tens digit of 4019?
1
What is the units digit of 905?
5
What is the units digit of 73097?
7
What is the tens digit of 1187?
8
What is the units digit of 37237?
7
What is the tens digit of 15922?
2
What is the tens digit of 217?
1
What is the thousands digit of 1798?
1
What is the units digit of 10807?
7
What is the tens digit of 2037?
3
What is the tens digit of 16709?
0
What is the hundreds digit of 11335?
3
What is the thousands digit of 1443?
1
What is the units digit of 6135?
5
What is the units digit of 819?
9
What is the hundreds digit of 11581?
5
What is the tens digit of 2226?
2
What is the thousands digit of 1592?
1
What is the tens digit of 171339?
3
What is the hundreds digit of 1059?
0
What is the units digit of 48201?
1
What is the tens digit of 6558?
5
What is the thousands digit of 4590?
4
What is the thousands digit of 4375?
4
What is the hundreds digit of 839?
8
What is the tens digit of 81150?
5
What is the thousands digit of 54399?
4
What is the tens digit of 5832?
3
What is the units digit of 51?
1
What is the hundreds digit of 1445?
4
What is the hundreds digit of 73993?
9
What is the ten thousands digit of 35265?
3
What is the tens digit of 2349?
4
What is the ten thousands digit of 26683?
2
What is the ten thousands digit of 10592?
1
What is the thousands digit of 3697?
3
What is the units digit of 5203?
3
What is the hundreds digit of 703?
7
What is the units digit of 242?
2
What is the thousands digit of 6526?
6
What is the ten thousands digit of 10077?
1
What is the hundreds digit of 87423?
4
What is the units digit of 37?
7
What is the thousands digit of 70839?
0
What is the thousands digit of 66502?
6
What is the hundreds digit of 567?
5
What is the thousands digit of 110707?
0
What is the hundreds digit of 1988?
9
What is the tens digit of 6620?
2
What is the hundreds digit of 3296?
2
What is the hundreds digit of 1761?
7
What is the units digit of 513?
3
What is the hundreds digit of 51007?
0
What is the units digit of 24959?
9
What is the tens digit of 6802?
0
What is the hundreds digit of 110?
1
What is the hundreds digit of 25672?
6
What is the ten thousands digit of 107457?
0
What is the tens digit of 45104?
0
What is the tens digit of 47143?
4
What is the hundreds digit of 803?
8
What is the tens digit of 70539?
3
What is the units digit of 943?
3
What is the tens digit of 21674?
7
What is the units digit of 368?
8
What is the hundreds digit of 955?
9
What is the thousands digit of 2027?
2
What is the units digit of 155?
5
What is the thousands digit of 11949?
1
What is the ten thousands digit of 63488?
6
What is the hundreds digit of 18310?
3
What is the tens digit of 2134?
3
What is the units digit of 2588?
8
What is the thousands digit of 24342?
4
What is the hundreds digit of 21554?
5
What is the tens digit of 77677?
7
What is the hundreds digit of 1356?
3
What is the hundreds digit of 1849?
8
What is the units digit of 742?
2
What is the units digit of 845?
5
What is the units digit of 118299?
9
What is the ten thousands digit of 59195?
5
What is the ten thousands digit of 38339?
3
What is the units digit of 777?
7
What is the thousands digit of 5755?
5
What is the hundreds digit of 110498?
4
What is the units digit of 5821?
1
What is the units digit of 69583?
3
What is the tens digit of 1315?
1
What is the tens digit of 6636?
3
What is the hundreds digit of 779?
7
What is the units digit of 951?
1
What is the units digit of 7401?
1
What is the ten thousands digit of 106106?
0
What is the units digit of 1654?
4
What is the units digit of 130?
0
What is the hundreds digit of 2265?
2
What is the tens digit of 96?
9
What is the hundreds digit of 470?
4
What is the tens digit of 14717?
1
What is the tens digit of 70543?
4
What is the ten thousands digit of 25484?
2
What is the hundreds digit of 555?
5
What is the hundreds digit of 1236?
2
What is the ten thousands digit of 14573?
1
What is the tens digit of 152?
5
What is the hundreds digit of 782?
7
What is the hundreds digit of 30742?
7
What is the units digit of 3726?
6
What is the hundreds digit of 183?
1
What is the thousands digit of 6477?
6
What is the hundreds digit of 504?
5
What is the thousands digit of 38773?
8
What is the hundreds digit of 10354?
3
What is the tens digit of 293?
9
What is the tens digit of 25833?
3
What is the units digit of 686?
6
What is the thousands digit of 2588?
2
What is the thousands digit of 4642?
4
What is the tens digit of 3930?
3
What is the ten thousands digit of 131695?
3
What is the hundreds digit of 2165?
1
What is the thousands digit of 21863?
1
What is the hundreds digit of 7147?
1
What is the hundreds digit of 49478?
4
What is the hundreds digit of 12852?
8
What is the ten thousands digit of 17646?
1
What is the units digit of 20088?
8
What is the units digit of 59494?
4
What is the hundred thousands digit of 114965?
1
What is the ten thousands digit of 11696?
1
What is the thousands digit of 3917?
3
What is the hundreds digit of 65520?
5
What is the thousands digit of 3560?
3
What is the hundreds digit of 1077?
0
What is the tens digit of 10561?
6
What is the hundreds digit of 941?
9
What is the thousands digit of 40516?
0
What is the ten thousands digit of 30583?
3
What is the tens digit of 181?
8
What is the ten thousands digit of 77416?
7
What is the hundreds digit of 67653?
6
What is the units digit of 10773?
3
What is the tens digit of 161?
6
What is the units digit of 706?
6
What is the units digit of 1929?
9
What is the units digit of 692?
2
What is the thousands digit of 27301?
7
What is the units digit of 3985?
5
What is the units digit of 145?
5
What is the units digit of 25136?
6
What is the hundreds digit of 6671?
6
What is the thousands digit of 2912?
2
What is the tens digit of 36023?
2
What is the units digit of 902?
2
What is the units digit of 1083?
3
What is the units digit of 91?
1
What is the tens digit of 583?
8
What is the thousands digit of 125197?
5
What is the tens digit of 561?
6
What is the units digit of 954?
4
What is the units digit of 7945?
5
What is the hundreds digit of 771?
7
What is the thousands digit of 49057?
9
What is the tens digit of 622?
2
What is the tens digit of 8958?
5
What is the tens digit of 52206?
0
What is the units digit of 10374?
4
What is the thousands digit of 5894?
5
What is the hundreds digit of 107655?
6
What is the tens digit of 1915?
1
What is the tens digit of 39653?
5
What is the thousands digit of 3238?
3
What is the tens digit of 17459?
5
What is the thousands digit of 1588?
1
What is the thousands digit of 8987?
8
What is the tens digit of 341?
4
What is the hundreds digit of 869?
8
What is the tens digit of 487?
8
What is the thousands digit of 94847?
4
What is the hundreds digit of 2050?
0
What is the thousands digit of 7779?
7
What is the tens digit of 6042?
4
What is the thousands digit of 11540?
1
What is the units digit of 1110?
0
What is the tens digit of 7359?
5
What is the hundreds digit of 6551?
5
What is the hundreds digit of 900?
9
What